{"id":122,"date":"2019-09-22T10:11:05","date_gmt":"2019-09-22T10:11:05","guid":{"rendered":"https:\/\/www.apdpbucuresti.ro\/web\/?page_id=122"},"modified":"2022-06-13T15:28:23","modified_gmt":"2022-06-13T12:28:23","slug":"apdp-romania","status":"publish","type":"page","link":"https:\/\/www.apdpbucuresti.ro\/web\/apdp-romania\/","title":{"rendered":"A.P.D.P. Rom\u00e2nia"},"content":{"rendered":"<p>[et_pb_section fb_built=&#8221;1&#8243; _builder_version=&#8221;4.16&#8243; background_color=&#8221;#fefefc&#8221; custom_padding=&#8221;||12vh||false|false&#8221; top_divider_style=&#8221;mountains2&#8243; top_divider_color=&#8221;#044088&#8243; bottom_divider_style=&#8221;mountains2&#8243; bottom_divider_color=&#8221;#044088&#8243; global_colors_info=&#8221;{}&#8221;][et_pb_row _builder_version=&#8221;4.16&#8243; global_colors_info=&#8221;{}&#8221;][et_pb_column type=&#8221;4_4&#8243; _builder_version=&#8221;4.16&#8243; global_colors_info=&#8221;{}&#8221;][et_pb_text _builder_version=&#8221;4.16&#8243; header_font=&#8221;|300|||||||&#8221; header_font_size=&#8221;3em&#8221; global_colors_info=&#8221;{}&#8221;]<\/p>\n<h1>A.P.D.P. Rom\u00e2nia<\/h1>\n<p>[\/et_pb_text][\/et_pb_column][\/et_pb_row][et_pb_row column_structure=&#8221;3_5,2_5&#8243; _builder_version=&#8221;4.16&#8243; custom_padding=&#8221;0px|||||&#8221; global_colors_info=&#8221;{}&#8221;][et_pb_column type=&#8221;3_5&#8243; _builder_version=&#8221;4.16&#8243; global_colors_info=&#8221;{}&#8221;][et_pb_text _builder_version=&#8221;4.16&#8243; text_orientation=&#8221;justified&#8221; global_colors_info=&#8221;{}&#8221;]<\/p>\n<p><strong>Asocia\u021bia Profesional\u0103 de Drumuri \u0219i Poduri din Rom\u00e2nia<\/strong> a fost \u00eenfiin\u021bat\u0103 \u00een anul 1990 \u0219i are constituite <strong>12 Filiale teritoriale<\/strong>.<\/p>\n<p>Pre\u0219edinte A.P.D.P. Rom\u00e2nia este Prof. Dr. Ing. <strong>Gheorghe Lucaci<\/strong> (Filiala Banat)<\/p>\n<p>Sediul A.P.D.P. Central este \u00een Bd. Dinicu Golescu nr. 41, sc. 2, ap. 37, sector 1, Bucure\u0219ti.<\/p>\n<p>Telefon \/ Fax: 021 316 1324, 021 316 1325.\u00a0E-mail: <a href=\"mailto:apdp@ir.ro\">apdp@ir.ro<\/a><\/p>\n<p>&nbsp;<\/p>\n<h3>Scopurile asocia\u021biei sunt:<\/h3>\n<ul>\n<li>reprezentarea, promovarea \u0219i ap\u0103rarea, la nivel na\u021bional \u0219i international, a intereselor profesionale ale membrilor s\u0103i din domeniul de drumuri \u0219i poduri;<\/li>\n<li>analizarea \u0219i dezbaterea problemelor care trateaz\u0103 drumul \u0219i transportul rutier;<\/li>\n<li>promovarea unor forme moderne \u0219i unitare de organizare a domeniului rutier;<\/li>\n<li>informarea \u0219i perfec\u021bionarea profesional\u0103 continu\u0103 a membrilor s\u0103i.<\/li>\n<\/ul>\n<p>&nbsp;<\/p>\n<h3>Obiectivele principale ale asocia\u021biei sunt:<\/h3>\n<ul>\n<li>s\u0103 contribuie la dezvoltarea din punct de vedere tehnic \u0219i economic a activit\u0103\u021bilor proprii;<\/li>\n<li>s\u0103 sprijine dezvoltarea cercet\u0103rii \u0219tiin\u021bifice \u0219i tehnice din domeniul rutier;<\/li>\n<li>s\u0103 sus\u021bin\u0103 formarea corpurilor de speciali\u0219ti (exper\u021bi, verificatori etc.) \u0219i s\u0103 apere interesele lor conform regulamentelor specifice;<\/li>\n<li>s\u0103 colaboreze cu organele guvernamentale, alte organisme \u0219i organiza\u021bii sau unit\u0103\u021bi economice, sociale, profesionale;<\/li>\n<li>s\u0103 se asocieze sau afilieze, dup\u0103 caz, la organisme similare na\u021bionale \u0219i interna\u021bionale;<\/li>\n<li>s\u0103 organizeze congrese, conferin\u021be, simpozioane \u0219i schimburi de experien\u021b\u0103 pe teme profesionale;<\/li>\n<li>s\u0103 participe la manifest\u0103ri tehnice similare din \u021bar\u0103 \u0219i str\u0103in\u0103tate;<\/li>\n<li>s\u0103 promoveze imaginea A.P.D.P. sub orice forma \u00een \u021bar\u0103 \u0219i str\u0103in\u0103tate;<\/li>\n<li>s\u0103 asigure protec\u021bia profesional\u0103 a membrilor s\u0103i; \u00een acest scop va func\u021biona un &#8222;Consiliu de Onoare&#8221;;<\/li>\n<li>s\u0103 sus\u021bin\u0103 \u0219i sa verifice activitatea de preg\u0103tire \u0219i specializare a membrilor s\u0103i \u0219i a \u00eenv\u0103\u021b\u0103m\u00e2ntului mediu \u0219i superior de specialitate, prin forme de \u00eenv\u0103\u021b\u0103m\u00e2nt adecvate;<\/li>\n<li>s\u0103 sprijine \u0219i s\u0103 stimuleze activitatea de inventic\u0103;<\/li>\n<li>s\u0103 organizeze comitete tehnice corespondente cu cele ale Asocia\u021biei Mondiale de Drumuri (AIPCR);<\/li>\n<li>s\u0103 propun\u0103 \u0219i sa participe la elaborarea de legi, instruc\u021biuni, standarde, normative tehnice \u0219i acte normative specifice domeniului;<\/li>\n<li>s\u0103 colaboreze la elaborarea m\u0103surilor privind protec\u021bia mediului \u00eenconjur\u0103tor, \u00een domeniul drumurilor \u0219i podurilor;<\/li>\n<li>s\u0103 creeze baze de date tehnice.<\/li>\n<\/ul>\n<p>&nbsp;<\/p>\n<p>Asociatia poate atesta din punct de vedere al capacitatii profesionale, persoane fizice si juridice, in corelare cu prevederile legale.<\/p>\n<p>[\/et_pb_text][\/et_pb_column][et_pb_column type=&#8221;2_5&#8243; _builder_version=&#8221;4.16&#8243; global_colors_info=&#8221;{}&#8221;][et_pb_text _builder_version=&#8221;4.16&#8243; global_colors_info=&#8221;{}&#8221;]<\/p>\n<h2>Filiale teritoriale APDP\u00a0<\/h2>\n<p>[\/et_pb_text][et_pb_accordion closed_toggle_background_color=&#8221;#f9f9f6&#8243; icon_color=&#8221;#A3B9D3&#8243; use_icon_font_size=&#8221;on&#8221; icon_font_size=&#8221;20px&#8221; _builder_version=&#8221;4.17.4&#8243; toggle_font=&#8221;|700|||||||&#8221; hover_enabled=&#8221;0&#8243; global_colors_info=&#8221;{}&#8221; sticky_enabled=&#8221;0&#8243;][et_pb_accordion_item title=&#8221;A.P.D.P. Bucure\u0219ti&#8221; open=&#8221;off&#8221; _builder_version=&#8221;4.17.4&#8243; hover_enabled=&#8221;0&#8243; global_colors_info=&#8221;{}&#8221; sticky_enabled=&#8221;0&#8243;]<\/p>\n<p>Adresa: Bd. Iuliu Maniu nr. 401A, sector 6, cod 061127<br \/>Telefon \/ fax: 031 425 2298<br \/>Email: <a href=\"mailto:apdp.bucuresti@gmail.com\">apdp.bucuresti@gmail.com<\/a><\/p>\n<p>Pre\u0219edinte: <strong>Anghel T\u0103n\u0103sescu<\/strong><\/p>\n<p>[\/et_pb_accordion_item][et_pb_accordion_item title=&#8221;A.P.D.P. Bac\u0103u&#8221; _builder_version=&#8221;4.17.4&#8243; hover_enabled=&#8221;0&#8243; global_colors_info=&#8221;{}&#8221; open=&#8221;off&#8221; sticky_enabled=&#8221;0&#8243;]<\/p>\n<p>Adresa: Str. George Bacovia nr. 57, Bac\u0103u, cod 600238<br \/>Telefon \/ Fax: 0234 588 337<br \/>Email: <a href=\"mailto:apdpbacau@yahoo.com\">apdpbacau@yahoo.com<\/a>\u00a0<\/p>\n<p>Pre\u0219edinte: <strong>Lenu\u0163a Ardeleanu<\/strong><\/p>\n<p>[\/et_pb_accordion_item][et_pb_accordion_item title=&#8221;A.P.D.P. Banat&#8221; _builder_version=&#8221;4.17.4&#8243; hover_enabled=&#8221;0&#8243; global_colors_info=&#8221;{}&#8221; open=&#8221;off&#8221; sticky_enabled=&#8221;0&#8243;]<\/p>\n<p>Adresa: Str. Coriolan Baran nr. 18, Timisoara, cod 300328<br \/>Tel.: 0256 403 972 Fax: 0256 246 650<br \/>Email: <a href=\"mailto:ada.apdp@yahoo.com\">ada.apdp@yahoo.com<\/a><\/p>\n<p>Pre\u0219edinte: <strong>Gheorghe Lucaci<\/strong><\/p>\n<p>[\/et_pb_accordion_item][et_pb_accordion_item title=&#8221;A.P.D.P. Bra\u0219ov&#8221; _builder_version=&#8221;4.17.4&#8243; hover_enabled=&#8221;0&#8243; global_colors_info=&#8221;{}&#8221; open=&#8221;off&#8221; sticky_enabled=&#8221;0&#8243;]<\/p>\n<p>Adresa: Bd. Mihail Kogalniceanu nr. 13, bl. C2, sc. 1, Bra\u0219ov, cod 500173<br \/>Tel.: 0268 547 697 Fax: 0268 547 695<br \/>Email: <a href=\"mailto:lilihorga@yahoo.com\">lilihorga@yahoo.com<\/a><\/p>\n<p>Pre\u0219edinte:\u00a0<strong>Liliana <\/strong><strong>Horga<\/strong><\/p>\n<p>[\/et_pb_accordion_item][et_pb_accordion_item title=&#8221;A.P.D.P. Dobrogea &#8221; _builder_version=&#8221;4.17.4&#8243; hover_enabled=&#8221;0&#8243; global_colors_info=&#8221;{}&#8221; open=&#8221;off&#8221; sticky_enabled=&#8221;0&#8243;]<\/p>\n<p>Adresa: Str. Celulozei nr. 15A, Constanta, cod 900155<br \/>Tel.: 0241 693 523 Fax: 0241 630 696<br \/>Email: <a href=\"mailto:apdpct@gmail.com\">apdpct@gmail.com<\/a>\u00a0<\/p>\n<p>Pre\u0219edinte: <strong>Dan Bozdoc<\/strong><\/p>\n<p>[\/et_pb_accordion_item][et_pb_accordion_item title=&#8221;A.P.D.P. Moldova &#8211; Neculai T\u0103utu&#8221; _builder_version=&#8221;4.17.4&#8243; hover_enabled=&#8221;0&#8243; global_colors_info=&#8221;{}&#8221; open=&#8221;on&#8221; sticky_enabled=&#8221;0&#8243;]<\/p>\n<p>Adresa: Aleea Grigore Ghica Vod\u0103 nr. 46, Iasi, cod 700496<br \/>Tel.: 0745 115 685 \/ Fax: 0232 219 241<br \/>Email: <a href=\"mailto:office@apdpmoldova.ro\">office@apdpmoldova.ro<\/a>\u00a0<\/p>\n<p>Pre\u0219edinte: <strong>Iulian &#8211; C\u0103t\u0103lin Dimache<\/strong><\/p>\n<p>[\/et_pb_accordion_item][et_pb_accordion_item title=&#8221;A.P.D.P. Muntenia&#8221; _builder_version=&#8221;4.17.4&#8243; hover_enabled=&#8221;0&#8243; global_colors_info=&#8221;{}&#8221; open=&#8221;off&#8221; sticky_enabled=&#8221;0&#8243;]<\/p>\n<p>Adresa: Str. Bob\u00e2lna nr. 123, Ploie\u0219ti, cod 100330<br \/>Tel: 0244 514 443 \/\u00a0Fax: 0244 514 442<br \/>Email: <a href=\"mailto:apdp_muntenia@yahoo.com\">apdp_muntenia@yahoo.com<\/a>\u00a0<\/p>\n<p>Pre\u0219edinte: <strong>Costel Horghidan<\/strong><\/p>\n<p>[\/et_pb_accordion_item][et_pb_accordion_item title=&#8221;A.P.D.P. Oltenia &#8221; _builder_version=&#8221;4.17.4&#8243; hover_enabled=&#8221;0&#8243; global_colors_info=&#8221;{}&#8221; open=&#8221;off&#8221; sticky_enabled=&#8221;0&#8243;]<\/p>\n<p>Adresa: Str. Pelendava nr. 29, Craiova, cod 200204<br \/>Telefon: 0251 408 710 \/ Fax: 0251 423 954<br \/>Email: ioncorodescu@yahoo.com<\/p>\n<p>Pre\u0219edinte: <strong>Ion Corodescu<\/strong><\/p>\n<p>[\/et_pb_accordion_item][et_pb_accordion_item title=&#8221;A.P.D.P. Suceava &#8211; Stefan cel Mare&#8221; _builder_version=&#8221;4.17.4&#8243; hover_enabled=&#8221;0&#8243; global_colors_info=&#8221;{}&#8221; open=&#8221;off&#8221; sticky_enabled=&#8221;0&#8243;]<\/p>\n<p>Adresa: Bd. George Enescu nr. 29, bl. T48, sc. B, et. 5, ap. 24, Suceava, cod 720246<br \/>Tel.: 0330 401 100 \/ Fax: 0330 401 101<br \/>Email: <a href=\"mailto:nicudobrea@yahoo.com\">nicudobrea@yahoo.com<\/a>\u00a0<\/p>\n<p>Pre\u0219edinte: <strong>Niculai Dobrea Climec<\/strong><\/p>\n<p>[\/et_pb_accordion_item][et_pb_accordion_item title=&#8221;A.P.D.P. Transilvania&#8221; _builder_version=&#8221;4.17.4&#8243; hover_enabled=&#8221;0&#8243; global_colors_info=&#8221;{}&#8221; open=&#8221;off&#8221; sticky_enabled=&#8221;0&#8243;]<\/p>\n<p>Adresa: Calea Doroban\u021bilor nr. 74, ap. 26, Cluj Napoca, cod 400609<br \/>Tel. \/ Fax: 0264 448 244<br \/>Email: <a href=\"mailto:apdptransilvania@gmail.com\">apdptransilvania@gmail.com<\/a>\u00a0<\/p>\n<p>Pre\u0219edinte: <strong>Gavril Hoda<\/strong><\/p>\n<p>[\/et_pb_accordion_item][\/et_pb_accordion][\/et_pb_column][\/et_pb_row][\/et_pb_section]<\/p>\n","protected":false},"excerpt":{"rendered":"<p>A.P.D.P. Rom\u00e2niaAsocia\u021bia Profesional\u0103 de Drumuri \u0219i Poduri din Rom\u00e2nia a fost \u00eenfiin\u021bat\u0103 \u00een anul 1990 \u0219i are constituite 12 Filiale teritoriale. Pre\u0219edinte A.P.D.P. Rom\u00e2nia este Prof. Dr. Ing. Gheorghe Lucaci (Filiala Banat) Sediul A.P.D.P. Central este \u00een Bd. Dinicu Golescu nr. 41, sc. 2, ap. 37, sector 1, Bucure\u0219ti. Telefon \/ Fax: 021 316 1324, [&hellip;]<\/p>\n","protected":false},"author":1,"featured_media":0,"parent":0,"menu_order":0,"comment_status":"closed","ping_status":"closed","template":"","meta":{"_acf_changed":false,"_et_pb_use_builder":"on","_et_pb_old_content":"","_et_gb_content_width":"","footnotes":""},"class_list":["post-122","page","type-page","status-publish","hentry"],"acf":[],"_links":{"self":[{"href":"https:\/\/www.apdpbucuresti.ro\/web\/wp-json\/wp\/v2\/pages\/122","targetHints":{"allow":["GET"]}}],"collection":[{"href":"https:\/\/www.apdpbucuresti.ro\/web\/wp-json\/wp\/v2\/pages"}],"about":[{"href":"https:\/\/www.apdpbucuresti.ro\/web\/wp-json\/wp\/v2\/types\/page"}],"author":[{"embeddable":true,"href":"https:\/\/www.apdpbucuresti.ro\/web\/wp-json\/wp\/v2\/users\/1"}],"replies":[{"embeddable":true,"href":"https:\/\/www.apdpbucuresti.ro\/web\/wp-json\/wp\/v2\/comments?post=122"}],"version-history":[{"count":0,"href":"https:\/\/www.apdpbucuresti.ro\/web\/wp-json\/wp\/v2\/pages\/122\/revisions"}],"wp:attachment":[{"href":"https:\/\/www.apdpbucuresti.ro\/web\/wp-json\/wp\/v2\/media?parent=122"}],"curies":[{"name":"wp","href":"https:\/\/api.w.org\/{rel}","templated":true}]}}