{"id":1102,"date":"2022-05-20T00:17:14","date_gmt":"2022-05-19T21:17:14","guid":{"rendered":"https:\/\/www.apdpbucuresti.ro\/web\/?page_id=1102"},"modified":"2022-05-20T00:17:14","modified_gmt":"2022-05-19T21:17:14","slug":"premiile-apdp-romania","status":"publish","type":"page","link":"https:\/\/www.apdpbucuresti.ro\/web\/premiile-apdp-romania\/","title":{"rendered":"Premiile APDP Rom\u00e2nia"},"content":{"rendered":"<p>[et_pb_section fb_built=&#8221;1&#8243; _builder_version=&#8221;4.16&#8243; custom_padding=&#8221;10vh||10vh||true|false&#8221; top_divider_style=&#8221;mountains2&#8243; top_divider_color=&#8221;#044088&#8243; bottom_divider_style=&#8221;mountains2&#8243; bottom_divider_color=&#8221;#044088&#8243; global_colors_info=&#8221;{}&#8221; theme_builder_area=&#8221;post_content&#8221;][et_pb_row _builder_version=&#8221;4.17.4&#8243; custom_padding=&#8221;||10vh||false|false&#8221; global_colors_info=&#8221;{}&#8221; theme_builder_area=&#8221;post_content&#8221;][et_pb_column type=&#8221;4_4&#8243; _builder_version=&#8221;4.16&#8243; global_colors_info=&#8221;{}&#8221; theme_builder_area=&#8221;post_content&#8221;][et_pb_text _builder_version=&#8221;4.16&#8243; global_colors_info=&#8221;{}&#8221; theme_builder_area=&#8221;post_content&#8221;]<\/p>\n<h1>Premiile A.P.D.P. Rom\u00e2nia<\/h1>\n<p>[\/et_pb_text][et_pb_text _builder_version=&#8221;4.17.4&#8243; _module_preset=&#8221;default&#8221; theme_builder_area=&#8221;post_content&#8221; hover_enabled=&#8221;0&#8243; sticky_enabled=&#8221;0&#8243;]<\/p>\n<p>\u00cen conformitate cu Statutul Asocia\u0163iei Profesionale de Drumuri \u015fi Poduri, art. 22, se instituie acordarea de premii personalului din sectorul rutier, care a ob\u0163inut realiz\u0103ri de prestigiu \u00een domeniul rutier.<\/p>\n<p><strong>1. Instituirea premiilor<\/strong><br \/>1.1. \u00cen vederea recunoa\u015fterii \u015fi onor\u0103rii realiz\u0103rilor remarcabile ale membrilor Asocia\u0163iei Profesionale de Drumuri \u015fi Poduri din Rom\u00e2nia se instituie urm\u0103toarele premii:<\/p>\n<ul>\n<li>\u201cAnghel Saligny\u201d \u2013 premiu de excelen\u0163\u0103.<\/li>\n<li>\u201cElie Radu\u201d \u2013 pentru activitate deosebit\u0103 \u00een domeniul proiect\u0103rii.<\/li>\n<li>\u201cIon Ionescu\u201d \u2013 pentru activitate deosebit\u0103 \u00een domeniile \u00eenv\u0103\u0163\u0103m\u00e2ntului \u015fi<br \/>cercet\u0103rii \u015ftiin\u0163ifice.<\/li>\n<li>\u201cTiberiu Eremia\u201d \u2013 pentru activitate deosebit\u0103 \u00een domeniul execu\u0163iei de lucr\u0103ri.<\/li>\n<li>\u201cLauren\u0163iu Nicoar\u0103\u201d \u2013 pentru activitate deosebit\u0103 \u00een domeniile administra\u0163iei \u015fi \u00eentre\u0163inerii drumurilor.<\/li>\n<\/ul>\n<p>1.2. Premiile de mai sus se vor acorda pentru membri individuali \u015fi membri colectivi.<\/p>\n<p><strong>2. Condi\u0163ii de participare<\/strong><br \/>2.1. Poate participa la concurs orice specialist din domeniul rutier (membri individuali \u015fi membri colectivi) care \u00ee\u015fi desf\u0103\u015foar\u0103 activitatea \u00een \u00eenv\u0103\u0163\u0103m\u00e2nt, cercetare, proiectare, execu\u0163ie de lucr\u0103ri, administra\u0163ie \u015fi \u00eentre\u0163inere.<br \/>Premiul poate fi acordat pentru domeniul drumuri, poduri \u015fi alte activit\u0103\u0163i, astfel :<\/p>\n<ul>\n<li>ini\u0163iative puse \u00een practic\u0103 privind dezvoltarea sectorului rutier, a unit\u0103\u0163ilor de drumuri<\/li>\n<li>lucr\u0103ri practice realizate : drumuri, poduri, consolid\u0103ri, etc.<\/li>\n<li>lucr\u0103ri de cercetare deosebite<\/li>\n<li>proiecte cu solu\u0163ii originale<\/li>\n<li>introducerea unor noi tehnologii eficiente \u015fi de mare atrac\u0163ie<\/li>\n<li>merite deosebite \u00een administrarea \u015fi \u00eentre\u0163inerea drumurilor, siguran\u0163a circula\u0163iei, ecologizare, estetizare, etc.<\/li>\n<li>c\u0103r\u0163i, tratate, normative, etc. publicate \u015fi apreciate \u00een mod special<\/li>\n<li>pentru \u00eentreaga activitate profesional\u0103 de excep\u0163ie.<\/li>\n<\/ul>\n<p>2.2. Pot participa de asemenea speciali\u015ftii care \u015fi-au \u00eencetat activitatea, fiind pensionari \u00een acela\u015fi domenii de activitate.<\/p>\n<p><strong>3. Tematica concursului<\/strong><br \/>3.1. Concursul va consta din prezentarea unor lucr\u0103ri teoretice sau practice, execu\u0163ia unor lucr\u0103ri deosebite, brevetarea unor inven\u0163ii, introducerea unor tehnologii noi eficiente economic, ob\u0163inerea unor rezultate de excep\u0163ie \u00een conducerea activit\u0103\u0163ii, promovarea unor acte normative pentru dezvoltarea sectorului rutier.<br \/>3.2. Lucr\u0103rile care se vor prezenta trebuie s\u0103 aib\u0103 caracter de noutate.<\/p>\n<p><strong>4. Durata concursului<\/strong><br \/>4.1. Concursul se desf\u0103\u015foar\u0103 pe durata unui an calendaristic de la 1 februarie p\u00e2n\u0103 la 31 ianuarie anul urm\u0103tor.<\/p>\n<p><strong>5. Criterii de apreciere<\/strong><br \/>5.1. La analiza lucr\u0103rii sau a obiectivului cu care se particip\u0103 la concurs (conf. pct. 3.1.) se vor avea \u00een vedere urm\u0103toarele criterii<\/p>\n<ul>\n<li>introducerea de noi metode de dimensionare<\/li>\n<li>introducerea de noi tehnologii<\/li>\n<li>prezentarea de noi solu\u0163ii constructive<\/li>\n<li>prezentarea de noi materiale sau \u00eenlocuitori<\/li>\n<li>introducerea de noi echipamente \u015fi utilaje<\/li>\n<li>posibilitatea utiliz\u0103rii pentru instruire \u015fi educa\u0163ie universitar\u0103<\/li>\n<li>gradul de r\u0103sp\u00e2ndire \u00een presa tehnic\u0103 intern\u0103 \u015fi interna\u0163ional\u0103.<\/li>\n<\/ul>\n<p><strong>6. Procedura de acordare a premiilor<\/strong><br \/>6.1. Dreptul de a propune candida\u0163i pentru premiere \u00eel au Adun\u0103rile Generale ale Filialelor A.P.D.P.<br \/>6.2. Dosarul candidatului la premiere va cuprinde procesul verbal al forumului care l-a propus, curriculum vitae al candidatului \u015fi prezentarea \u00een detaliu a motiva\u0163iei premierii (referat).<br \/>6.3. Biroul Permanent A.P.D.P. analizeaz\u0103 \u015fi prezint\u0103 Consiliului Na\u0163ional spre aprobare dosarele cu propuneri, iar acesta hot\u0103r\u0103\u015fte cu majoritate simpl\u0103 de vot asupra laurea\u0163ilor.<br \/>6.4. Premiile \u201cAnghel Saligny\u201d se acord\u0103 o singur\u0103 dat\u0103 unui membru individual sau membru colectiv.<\/p>\n<p><strong>7. \u00censemnele \u015fi valoarea premiilor<\/strong><br \/>7.1. Premiul \u201cAnghel Saligny\u201d const\u0103 dintr-o diplom\u0103 de excelen\u0163\u0103, o insign\u0103 a Asocia\u0163iei Profesionale de Drumuri \u015fi Poduri din Rom\u00e2nia confec\u0163ionat\u0103 din aur \u015fi o sum\u0103 de 1000 $ USA (echivalentul \u00een lei la cursul zilei).<br \/>7.2. Premiile \u201cLauren\u0163iu Nicoar\u0103\u201d, \u201cElie Radu\u201d, \u201cIon Ionescu\u201d \u015fi \u201cTiberiu Eremia\u201d constau dintr-o diplom\u0103, o insign\u0103 a Asocia\u0163iei Profesionale de Drumuri \u015fi Poduri din Rom\u00e2nia, confec\u0163ionat\u0103 din argint \u015fi o sum\u0103 de 500 $ USA (echivalentul \u00een lei la cursul zilei).<br \/>7.3. Premiile pentru membrii colectivi constau \u00een diplome \u015fi plachete.<\/p>\n<p><strong>8. Modul de acordare \u015fi fondul de premiere<\/strong><br \/>8.1. Premiile se \u00eenm\u00e2neaz\u0103 cu ocazia Conferin\u0163ei Na\u0163ionale A.P.D.P.<br \/>8.2. Laurea\u0163ii premiilor vor fi prezenta\u0163i \u00een revista \u201cDrumuri-Poduri\u201d \u00een cadrul rubricii \u201cLaurea\u0163ii premiilor Asocia\u0163iei Profesionale de Drumuri \u015fi Poduri din Rom\u00e2nia\u201d.<br \/>8.3. Fondurile necesare pentru premiere se vor asigura din dona\u0163ii, sponsoriz\u0103ri, subven\u0163ii de la persoane fizice sau juridice \u015fi dob\u00e2nzi bancare.<\/p>\n<p><strong>9. Dispozi\u0163ii finale<\/strong><br \/>9.1. Prezentul regulament se va publica \u00een primul num\u0103r al revistei Drumuri &#8211; Poduri.<br \/>9.2. Revista Drumuri &#8211; Poduri va deschide o rubric\u0103 cu tema &#8222;Premiile Anghel Saligny&#8221;.<br \/>9.3. Prezentul regulament se aplic\u0103 \u00eencep\u00e2nd cu anul 2002.<\/p>\n<p>[\/et_pb_text][\/et_pb_column][\/et_pb_row][\/et_pb_section]<\/p>\n","protected":false},"excerpt":{"rendered":"<p>Premiile A.P.D.P. Rom\u00e2nia\u00cen conformitate cu Statutul Asocia\u0163iei Profesionale de Drumuri \u015fi Poduri, art. 22, se instituie acordarea de premii personalului din sectorul rutier, care a ob\u0163inut realiz\u0103ri de prestigiu \u00een domeniul rutier. 1. Instituirea premiilor1.1. \u00cen vederea recunoa\u015fterii \u015fi onor\u0103rii realiz\u0103rilor remarcabile ale membrilor Asocia\u0163iei Profesionale de Drumuri \u015fi Poduri din Rom\u00e2nia se instituie urm\u0103toarele [&hellip;]<\/p>\n","protected":false},"author":1,"featured_media":0,"parent":0,"menu_order":0,"comment_status":"closed","ping_status":"closed","template":"","meta":{"_acf_changed":false,"_et_pb_use_builder":"on","_et_pb_old_content":"","_et_gb_content_width":"","footnotes":""},"class_list":["post-1102","page","type-page","status-publish","hentry"],"acf":[],"_links":{"self":[{"href":"https:\/\/www.apdpbucuresti.ro\/web\/wp-json\/wp\/v2\/pages\/1102","targetHints":{"allow":["GET"]}}],"collection":[{"href":"https:\/\/www.apdpbucuresti.ro\/web\/wp-json\/wp\/v2\/pages"}],"about":[{"href":"https:\/\/www.apdpbucuresti.ro\/web\/wp-json\/wp\/v2\/types\/page"}],"author":[{"embeddable":true,"href":"https:\/\/www.apdpbucuresti.ro\/web\/wp-json\/wp\/v2\/users\/1"}],"replies":[{"embeddable":true,"href":"https:\/\/www.apdpbucuresti.ro\/web\/wp-json\/wp\/v2\/comments?post=1102"}],"version-history":[{"count":0,"href":"https:\/\/www.apdpbucuresti.ro\/web\/wp-json\/wp\/v2\/pages\/1102\/revisions"}],"wp:attachment":[{"href":"https:\/\/www.apdpbucuresti.ro\/web\/wp-json\/wp\/v2\/media?parent=1102"}],"curies":[{"name":"wp","href":"https:\/\/api.w.org\/{rel}","templated":true}]}}